613?
False
Is 2107075 a multiple of 25?
True
Is 164 a factor of 657148?
True
Is 5492830 a multiple of 1198?
True
Is 731 a factor of 7362023?
False
Does 372 divide 12135384?
True
Does 150 divide 843150?
True
Does 10 divide 290045?
False
Is 2708994 a multiple of 187?
False
Does 23 divide 138506?
True
Is 173907 a multiple of 113?
True
Is 18 a factor of 857052?
True
Is 1728 a multiple of 9?
True
Is 1898232 a multiple of 56?
True
Is 358 a factor of 3377730?
True
Is 43895 a multiple of 4?
False
Is 5 a factor of 494612?
False
Is 26 a factor of 4255481?
False
Is 33 a factor of 91169?
False
Is 985 a factor of 786030?
True
Is 75157 a multiple of 11?
False
Is 3658 a multiple of 4?
False
Does 57 divide 257373?
False
Is 434100 a multiple of 3?
True
Does 25 divide 1500450?
True
Is 18 a factor of 642780?
True
Does 22 divide 30316?
True
Does 95 divide 4026575?
True
Is 150 a factor of 1829237?
False
Does 30 divide 595007?
False
Is 452 a factor of 6259766?
False
Is 9 a factor of 26073?
True
Is 12245814 a multiple of 21?
True
Is 1262100 a multiple of 525?
True
Is 11 a factor of 33297?
True
Is 9 a factor of 14592510?
True
Is 291450 a multiple of 30?
True
Is 695361 a multiple of 442?
False
Does 763 divide 21980788?
False
Is 35071 a multiple of 46?
False
Is 7 a factor of 26033?
True
Is 358416 a multiple of 38?
True
Is 284 a factor of 295360?
True
Is 3759473 a multiple of 13?
False
Does 541 divide 487982?
True
Does 233 divide 225777?
True
Is 365465 a multiple of 95?
True
Is 40188 a multiple of 34?
True
Is 151 a factor of 132125?
True
Is 60224 a multiple of 21?
False
Is 785949 a multiple of 5?
False
Does 9 divide 90693?
True
Does 18 divide 233282?
False
Does 13 divide 235971?
False
Is 43542 a multiple of 354?
True
Is 26027 a multiple of 9?
False
Is 19 a factor of 132354?
True
Is 229 a factor of 134512?
False
Is 79 a factor of 317709?
False
Does 732 divide 1610400?
True
Is 1590283 a multiple of 14?
False
Does 8 divide 513816?
True
Is 176 a factor of 2941840?
True
Is 2085954 a multiple of 20?
False
Does 212 divide 375679?
False
Does 158 divide 8080616?
False
Does 82 divide 3734772?
True
Does 1041 divide 27278640?
False
Does 12 divide 329980?
False
Is 10166 a multiple of 13?
True
Does 16 divide 9733163?
False
Is 78390 a multiple of 9?
True
Is 209089 a multiple of 117?
False
Is 122 a factor of 2573956?
True
Does 691 divide 192789?
True
Is 73 a factor of 2555761?
False
Is 491 a factor of 387719?
False
Is 174 a factor of 4013484?
True
Is 314 a factor of 75360?
True
Is 371324 a multiple of 32?
False
Is 479525 a multiple of 2?
False
Does 5 divide 57151?
False
Does 98 divide 91042?
True
Does 72 divide 83796?
False
Does 385 divide 3048063?
False
Is 11 a factor of 1110381?
False
Does 18 divide 496530?
True
Is 359 a factor of 4735210?
True
Does 28 divide 7339606?
False
Is 30 a factor of 221430?
True
Does 9 divide 507440?
False
Is 85 a factor of 808945?
True
Is 196 a factor of 703052?
True
Does 215 divide 274125?
True
Is 268032 a multiple of 2?
True
Does 19 divide 8463561?
False
Does 110 divide 343640?
True
Is 12 a factor of 30903756?
True
Is 57322 a multiple of 5?
False
Is 4640370 a multiple of 38?
True
Is 11036081 a multiple of 15?
False
Is 17 a factor of 7632905?
False
Is 7184146 a multiple of 42?
False
Is 329753 a multiple of 419?
True
Is 5545784 a multiple of 10?
False
Does 988 divide 1982916?
True
Is 118 a factor of 7489679?
False
Does 44 divide 3566596?
True
Is 439 a factor of 804718?
False
Is 503938 a multiple of 36?
False
Is 11 a factor of 159983?
False
Is 75 a factor of 2151894?
False
Is 118 a factor of 99719?
False
Does 9 divide 179762?
False
Is 11231176 a multiple of 46?
True
Is 62 a factor of 527058?
False
Is 634 a factor of 2914478?
False
Is 8 a factor of 163921?
False
Is 19 a factor of 42206?
False
Is 1078 a factor of 404250?
True
Is 12601 a multiple of 2?
False
Is 42 a factor of 343816?
False
Does 9 divide 41922?
True
Is 102044 a multiple of 38?
False
Is 7 a factor of 328635?
False
Is 61957 a multiple of 167?
True
Is 2922794 a multiple of 23?
True
Is 1060 a factor of 7656380?
True
Is 105 a factor of 780360?
True
Is 1078554 a multiple of 114?
True
Is 266 a factor of 1357876?
False
Is 130628 a multiple of 113?
True
Is 271 a factor of 310470?
False
Does 419 divide 1654212?
True
Is 1465998 a multiple of 596?
False
Is 6830027 a multiple of 759?
False
Is 6 a factor of 151949?
False
Is 35690 a multiple of 3?
False
Does 938 divide 12696?
False
Does 1514 divide 33126847?
False
Does 4 divide 20877?
False
Does 8 divide 123011?
False
Does 5 divide 1394865?
True
Is 117660 a multiple of 148?
True
Is 449 a factor of 3885197?
True
Is 15 a factor of 34028?
False
Is 626682 a multiple of 14?
True
Is 163 a factor of 318665?
True
Is 69 a factor of 247365?
True
Is 5870528 a multiple of 116?
True
Is 252416 a multiple of 16?
True
Is 4292304 a multiple of 1338?
True
Is 406204 a multiple of 27?
False
Is 454068 a multiple of 7?
False
Is 293 a factor of 81053?
False
Does 29 divide 593920?
True
Is 7104120 a multiple of 12?
True
Is 289980 a multiple of 9?
True
Is 10 a factor of 12750618?
False
Does 203 divide 15862623?
True
Does 48 divide 74725?
False
Is 471861 a multiple of 37?
True
Is 16 a factor of 95142?
False
Does 547 divide 339094?
False
Is 20 a factor of 107138?
False
Does 885 divide 19472073?
False
Is 82 a factor of 98115?
False
Is 141 a factor of 351090?
True
Does 35 divide 165475?
False
Is 9514792 a multiple of 262?
True
Is 28 a factor of 198323?
False
Does 38 divide 48184?
True
Is 4 a factor of 430976?
True
Is 6 a factor of 699912?
True
Is 10 a factor of 115130?
True
Is 6 a factor of 146616?
True
Does 417 divide 5872194?
True
Does 9 divide 16713836?
False
Does 28 divide 331744?
True
Is 518904 a multiple of 14?
False
Is 15 a factor of 191955?
True
Does 38 divide 2075714?
False
Does 98 divide 12925808?
True
Does 1515 divide 9818715?
True
Is 141903 a multiple of 126?
False
Is 13 a factor of 643409?
True
Is 26 a factor of 363148?
False
Does 8 divide 40120?
True
Is 568 a factor of 265256?
True
Is 69437 a multiple of 290?
False
Is 11206553 a multiple of 120?
False
Is 358 a factor of 8668928?
False
Is 247 a factor of 161686?
False
Is 344224 a multiple of 124?
True
Does 77 divide 543748?
False
Is 1284475 a multiple of 12?
False
Does 19 divide 276626?
False
Is 109655 a multiple of 26?
False
Does 7 divide 623223?
False
Does 30 divide 995010?
True
Is 457 a factor of 103282?
True
Is 13 a factor of 765492?
True
Is 72 a factor of 900792?
True
Does 23 divide 13340?
True
Does 10 divide 1289670?
True
Is 7 a factor of 254600?
False
Does 83 divide 366279?
True
Does 8 divide 371865?
False
Is 5089402 a multiple of 48?
False
Is 192392 a multiple of 8?
True
Does 4 divide 2183625?
False
Does 554 divide 1553970?
True
Does 75 divide 146454?
False
Does 26 divide 1328179?
False
Does 87 divide 6953301?
True
Is 475 a factor of 534059?
False
Is 455544 a multiple of 19?
True
Does 10 divide 382531?
False
Is 16 a factor of 1604288?
True
Is 2400694 a multiple of 389?
False
Is 105 a factor of 322621?
False
Is 1289199 a multiple of 99?
False
Does 5 divide 2377725?
True
Does 299 divide 543666?
False
Is 206 a factor of 2735062?
True
Does 410 divide 35260?
True
Is 981568 a multiple of 14?
True
Is 346 a factor of 26115286?
False
Is 45407 a multiple of 4?
False
Is 2894892 a multiple of 26?
True
Is 570223 a multiple of 43?
True
Is 2680835 a multiple of 12?
False
Is 354008 a multiple of 67?
False
Is 33 a factor of 1982343?
True
Is 27 a factor of 419310?
True
Does 11 divide 57691?
False
Is 26 a factor of 234182?
True
Is 72450 a multiple of 25?
True
Is 78499 a multiple of 23?
True
Does 4 divide 115480?
True
Does 7 divide 4576898?
False
Is 49272 even?
True
Is 478 a factor of 55448?
True
Does 186 divide 1709410?
False
Does 25 divide 529698?
False
Is 367500 a multiple of 15?
True
Is 76433 a multiple of 61?
True
Is 17394961 a multiple of 48?
False
Is 1417108 a multiple of 77?
True
Is 240 a factor of 108000?
True
Is 657 a factor of 8283333?
False
Is 13 a factor of 871104?
True
Is 8818148 a multiple of 23?
False
Is 588 a factor of 5058564?
True
Is 14543536 a multiple of 165?
False
Is 15 a factor of 153135?
True
Does 46 divide 821284?
True
Is 38 a factor of 390170?
False
Is 10102 a multiple of 9?
False
Is 167 a factor of 662990?
